- 8*p + 4. Suppose g - 6 = -g, -p*g = -4*k - 42. Is -122*-1*k/(-6) prime?
False
Suppose 12471 = -12*p - 33357. Let q be 27/(-3)*p/3. Is q/18*(-2)/((-1)/1) prime?
False
Suppose 23*d - 24210 = 17*d. Suppose -2*w - d = -5*k + 10362, 0 = -3*k + w + 8639. Is k prime?
False
Suppose 105799 = 6*p - 27045 - 10502. Is p prime?
False
Let n(w) = -69014*w + 469. Is n(-2) a prime number?
True
Suppose 5*s - 2*s - 37 = -5*i, -4*s + 30 = -3*i. Is (-117 + 0)*(18/(-6))/s a composite number?
True
Suppose -14*u = -25*u - 27*u + 15224738. Is u prime?
True
Suppose 0 = -152*b + 214993 + 1403199. Is b a prime number?
False
Is (22433/2)/(135/270) a prime number?
True
Let u = -12717 - -20194. Is u a composite number?
False
Let w be 11/((-330)/(-108))*-7880. Let g = 42959 + w. Is g prime?
True
Suppose -534 = 10*s - 2284. Suppose 3*q - q = -14. Is 1800/s - (5/q - -1) composite?
True
Suppose 110*x - 122*x + 39684 = 0. Is x prime?
True
Let q = 131431 - -320754. Is q a composite number?
True
Suppose 0 = -6*t + 7*t - 66959. Suppose -3*c = -2*q - 5723 - 34452, 0 = 5*c - 4*q - t. Is c a composite number?
True
Let u = -179094 - -386071. Is u prime?
False
Let t(v) = -743*v**3 + 21*v**2 + 90*v + 107. Is t(-9) composite?
True
Suppose 0 = 4*n - 5*j - 392, 0 = 4*n + n - 3*j - 490. Let p(t) = t**2 + 49*t + 490. Let c be p(-35). Suppose c = -7*v + n + 56. Is v a composite number?
True
Suppose 4*z = -9*a + 5*a + 5520, 3*z = 4*a + 4126. Suppose -5*q + 4*g + 10085 = 0, -2*q + 2656 = -3*g - z. Is q a composite number?
False
Let h = 204573 + -100090. Is h composite?
True
Suppose 0 = -c - 2 - 2, 3*o - 4*c = 70. Suppose 12 = -3*t, 12*b - 9*b - o = 3*t. Suppose -9*p + 7*p + 3*r + 893 = 0, -5*p - b*r + 2223 = 0. Is p composite?
True
Let w = 37616 + -23113. Is w composite?
False
Suppose 0 = -99*b + 10826045 - 2155328. Is b a composite number?
False
Let a(w) be the second derivative of 73*w**5/20 + w**4/6 - w**3/6 - 155*w + 2. Suppose -n + 2 = n. Is a(n) composite?
True
Let c(m) = 5063*m**3 + 9*m**2 - 8*m + 22. Let d be c(5). Suppose 44*y + 18*y = d. Is y composite?
False
Let c = 1 - -3. Let t(h) = h**2 + 15*h + 54. Let d be t(-9). Suppose -l + 853 = 4*r, d = r - 2*r - c*l + 217. Is r composite?
True
Suppose 0 = 13*o - 2274041 - 1005560. Is o prime?
True
Let l = -5 + 1. Let b(s) = -8*s**2 - 7*s - 15. Let v(g) = -18*g**2 - 16*g - 32. Let t(q) = -7*b(q) + 3*v(q). Is t(l) a prime number?
True
Is (-3)/2 + ((-955666)/(-4) - 18) a composite number?
False
Suppose -2*u - 136805 = -3*g, -116*g + 117*g - 5*u = 45619. Is g a prime number?
True
Let u(q) be the second derivative of q**3/3 + q**2/2 + 70*q. Is u(35) prime?
True
Let h be (5 - -1)*4/12*1. Suppose c + 5 = 0, -h*r + c + 10780 + 11831 = 0. Is r composite?
True
Suppose 12*s = 9*s + 15. Suppose 5*l + s - 20 = 0. Is (1 - -2604) + (-1)/(-1) + l a composite number?
False
Suppose -24*y - 10*y + 102 = 0. Suppose -2*q - 3*f + 19183 + 2473 = 0, 32495 = y*q - f. Is q composite?
False
Suppose -4*z + 15 = 3*a, 5*a = -7*z + 2*z + 25. Let n be 3 - z/1 - -110. Suppose n = -5*q + 1708. Is q prime?
False
Let y be -8*(-2)/(-8)*-10. Suppose 0 = u - 0 - y. Is 19775/u + (2 - (-14)/(-8)) a composite number?
True
Suppose 3*a = 8 + 10. Suppose -a*p - 60 = -9*p. Suppose -4*k + p = 0, 2*y - 2045 = k - 648. Is y composite?
False
Let n be (0 - -16)*(-6)/(-144)*2946. Suppose 0 = 5*b - 28631 - n. Is b composite?
True
Is -2 - ((-909696)/46 + -2 + -1) a prime number?
True
Let s = 103609 - 45338. Is s a composite number?
False
Suppose 6 = -3*h + 6*h. Suppose -5*p - h*l = -8830, 4*p + 2*l - 4*l - 7046 = 0. Suppose 6*r - 7034 = 2*r - 2*b, -r + 5*b = -p. Is r prime?
True
Let h(o) be the third derivative of o**4/24 - 2*o**3/3 - 20*o**2. Let n be h(7). Is -3 + (-1574)/(-2) + n a composite number?
False
Let o = -282 - -161. Suppose -4*k + 1507 = j, 5*j - 1865 = -5*k - 0*j. Let u = k + o. Is u prime?
True
Let f(k) = -515*k + 47. Let h be f(-12). Let n = h + -3170. Is n a composite number?
True
Is ((-796881)/(-46))/(15/10) prime?
True
Let h(o) = -o + 10. Let u = 3 + 2. Let c be h(u). Let s = 19 - c. Is s prime?
False
Suppose -w = 4 - 7. Suppose w*j + 0*j - 3*a = 477, 0 = -4*a - 8. Is j a composite number?
False
Let r be ((-35)/(-21))/(10/(-12)). Is -422*(1/r)/(4 + -3) a prime number?
True
Let f = 12 + -8. Suppose -f*t - 5*z = 1, 0*t - 6 = 3*t + 2*z. Is (3676/t)/(2/(-6)) a composite number?
True
Let u = -32422 - -133775. Is u prime?
False
Suppose 5*p + 50 = 6*p. Suppose -p = -2*x + 64. Suppose -14*z = -17*z + x. Is z prime?
True
Let l = 688946 - 444867. Is l composite?
True
Let k = 4450 + -88. Let t = 11251 - k. Is t a prime number?
False
Let n be -2*(3 - 2) + 7500. Let i(z) = -3*z**3 - 84*z**2 + 19. Let k be i(-28). Suppose -21*j = -k*j - n. Is j a prime number?
False
Let x(u) = 2*u + 34. Let r be x(-17). Suppose 4*g + 600 = 4*c - 0*c, r = -4*g - 20. Is c composite?
True
Let j = -11 - -9. Let w be 22/(-4) + (-1)/j. Is 4 + w/((-15)/27) composite?
False
Suppose 9*u + 13618 = -7865. Let j = u - -6192. Is j prime?
False
Let b(c) = 5*c**3 - 2*c**2 + 3*c - 15. Let g = 129 - 115. Is b(g) prime?
False
Suppose 0 = -2*z - 3*z + 15. Suppose -2*a = 5*r - 301, a - 4*r = -z*a + 616. Suppose -a = -3*t - 42. Is t a composite number?
False
Let x be (94 + -6)/(-4)*(-2)/4. Suppose x*a = 6*a + 2445. Let r = a + -256. Is r a prime number?
True
Let g be -2*2 - (-6 + -8)/7. Is (g/6)/((-55)/402105) composite?
False
Let t = -398 - -402. Suppose 0 = 5*b - t*z - 32109, -2*b + 4*z + 1009 = -11837. Is b a composite number?
False
Let i(a) = 242*a**3 - a**2 - 7*a + 17. Suppose 9*q - 19*q = -40. Is i(q) composite?
False
Let n be ((-2)/(-3))/((-32)/(-96)). Suppose 8228 = 2*o + n*m, -5*o + 20540 = 16*m - 21*m. Is o prime?
True
Suppose 0 = -d + 4*n - 48, 11*n - 144 = 3*d + 7*n. Is (27039 - d)*(-2)/(-6) a composite number?
False
Suppose 3*x - 180 = -207. Suppose h - 5*v + 24 = -3*h, 4*h + 2*v + 24 = 0. Is 737*h/x*6/4 a prime number?
False
Let d(s) = -7*s - 78. Let n be d(-12). Let z(a) be the third derivative of 25*a**4/12 + 7*a**3/6 - 3*a**2. Is z(n) a composite number?
False
Suppose -4*t - 1455 = -7*t. Let y be (6/(-5))/(-3 + 1453/t). Suppose 0 = -s - 0*z + 3*z + 287, y = s - z. Is s a composite number?
False
Let l(k) = 19*k - 34. Suppose -2*q - 6 = 0, 2*z - 3*q - 7 - 2 = 0. Suppose 12*a - 16*a + 48 = z. Is l(a) composite?
True
Let s(d) be the second derivative of -105*d**3 + 31*d**2/2 + 19*d. Let k be s(-7). Let a = -2792 + k. Is a a prime number?
False
Suppose 240*j - 34449 = 237*j. Is j prime?
True
Let q(l) = l**3 - 17*l**2 + 13*l - 40. Let p(x) = 3*x**3 - 33*x**2 + 25*x - 79. Let i be 4/(-2)*(-5)/(-10) + 6. Let g(y) = i*q(y) - 2*p(y). Is g(-20) prime?
False
Let t(u) = -61*u - 146. Let i = 173 - 188. Is t(i) prime?
True
Is (10 + -2)/(63/567576) - 1/7 a composite number?
False
Let q = -14 + 10. Let p(w) be the first derivative of -w**4/4 + w**3 + 3*w + 24. Is p(q) a composite number?
True
Suppose 0*i - 3*i = -47202. Let n = -3806 + 3818. Suppose -598 - i = -n*a. Is a prime?
True
Let r(w) = 4*w**2 + 21*w + 25. Let h(y) = -5*y**2 - 20*y - 25. Let p(j) = 3*h(j) + 4*r(j). Is p(27) prime?
False
Let z be (-384)/(-33) + 56/154. Suppose -4*c + 2*q + 14550 = 0, 9*q - z*q = -4*c + 14555. Is c prime?
False
Let g be 3/(4/(9536/(-12))). Let j = g - -855. Let z = -82 + j. Is z composite?
True
Suppose -8*p = -59 - 13. Suppose 0 = 3*w - p, 3*f - 2100 = 4*f + 5*w. Let a = -316 - f. Is a composite?
True
Let i = 3298 + 1175. Suppose l = 5*v + 3*l - i, -v + 897 = l. Is v a prime number?
False
Let g(l) = -25*l**3 + 7*l**2 + 61*l + 778. Is g(-11) prime?
False
Let i be (-95420)/36 - 36/81. Let p = -1830 - i. Is p composite?
False
Suppose -173565 = -2*l - d, 513*l + 5*d + 173571 = 515*l. Is l a composite number?
False
Let k(y) = -7 + 5*y + 11*y**3 - 6*y**3 + 7*y**3. Let g be (-180)/(-42) - 0 - 6/21. Is k(g) a composite number?
True
Let p(j) = -j**3 - 6*j**2 + 3*j + 20. Let q be p(-6). Is ((-1015)/70)/(q/(-188)) prime?
False
Let x(u) = 26*u**2 - 10*u - 12. Let q be x(10). Let r = q + -1374. Is r prime?
False
Suppose 2*v + 5860 = -3*v. Let i = -358 - v. Suppose k = -k + i. Is k a composite number?
True
Let m = 18521 + -27729. Is m/(-12)*(-6)/(-4) composite?
False
Suppose 436 = -5*c - 199. Let z = c - -298. Suppose i + i - 189 = -5*q, -2*i + 